{"id":2,"date":"2026-02-12T20:23:43","date_gmt":"2026-02-12T20:23:43","guid":{"rendered":"https:\/\/klaritohielo.com\/?page_id=2"},"modified":"2026-03-20T01:57:27","modified_gmt":"2026-03-20T07:57:27","slug":"hielo-purificado-guadalajara","status":"publish","type":"page","link":"https:\/\/klaritohielo.com\/","title":{"rendered":"Klarito HIELO"},"content":{"rendered":"\n<div class=\"wp-block-group alignfull has-base-color has-text-color has-background has-link-color wp-elements-5b6f340e4c6580b92fa7579c5fb5226d has-global-padding is-layout-constrained wp-container-core-group-is-layout-64c2fb28 wp-block-group-is-layout-constrained\" id=\"hielo\" style=\"background-color:#003a5d;margin-top:0;margin-bottom:0;padding-top:var(--wp--preset--spacing--70);padding-bottom:var(--wp--preset--spacing--70)\">\n<div class=\"wp-block-group alignwide has-global-padding is-layout-constrained wp-block-group-is-layout-constrained\">\n<h1 class=\"wp-block-heading alignwide has-text-align-left has-base-color has-text-color has-link-color wp-elements-403c9dbdabbb1025a92552d38a72a6a7\" id=\"h-el-hielo-que-necesitas\">EL HIELO QUE NECESITAS<\/h1>\n\n\n\n<div class=\"wp-block-columns alignwide is-layout-flex wp-container-core-columns-is-layout-e84d63b9 wp-block-columns-is-layout-flex\" style=\"margin-top:var(--wp--preset--spacing--50);margin-bottom:0;padding-right:var(--wp--preset--spacing--30);padding-left:var(--wp--preset--spacing--30)\">\n<div class=\"wp-block-column is-vertically-aligned-center has-base-background-color has-text-color has-background has-link-color wp-elements-0902e03a92e2928bf93c54d45e2c2c65 has-global-padding is-content-justification-center is-layout-constrained wp-container-core-column-is-layout-860428b2 wp-block-column-is-layout-constrained\" style=\"border-style:none;border-width:0px;border-radius:10px;color:#003a5d;padding-top:var(--wp--preset--spacing--40);padding-right:var(--wp--preset--spacing--40);padding-bottom:var(--wp--preset--spacing--40);padding-left:var(--wp--preset--spacing--40);box-shadow:var(--wp--preset--shadow--deep)\">\n<div class=\"wp-block-columns is-not-stacked-on-mobile is-layout-flex wp-container-core-columns-is-layout-81213e5a wp-block-columns-is-layout-flex\" style=\"margin-top:0;margin-bottom:0\">\n<div class=\"wp-block-column is-layout-flow wp-block-column-is-layout-flow\" style=\"flex-basis:70%\">\n<h3 class=\"wp-block-heading has-x-large-font-size\" id=\"h-bolsa-de-5kg\" style=\"margin-bottom:var(--wp--preset--spacing--20)\">BOLSA DE 5KG<\/h3>\n\n\n\n<p class=\"has-medium-font-size\">La opci\u00f3n ideal para enfriar tus momentos en casa o reuniones peque\u00f1as. Hielo de alta densidad y m\u00e1xima pureza que dura m\u00e1s en tu vaso y respeta el sabor original de tus bebidas sin dejar residuos.<\/p>\n<\/div>\n<\/div>\n\n\n\n<div class=\"wp-block-buttons is-content-justification-center is-layout-flex wp-container-core-buttons-is-layout-d2a3880e wp-block-buttons-is-layout-flex\" style=\"margin-top:var(--wp--preset--spacing--30)\">\n<div class=\"wp-block-button has-custom-width wp-block-button__width-100\"><a class=\"wp-block-button__link wp-element-button\" href=\"https:\/\/wa.me\/523321844933?text=Hola%2C%20necesito%20hielo%20de%205kg.\" style=\"letter-spacing:0.08px;line-height:1.2\">Pide UNA O M\u00c1s<\/a><\/div>\n<\/div>\n<\/div>\n\n\n\n<div class=\"wp-block-column has-base-background-color has-text-color has-background has-link-color wp-elements-b2632b3c424857bdbe51410c90c63e83 has-global-padding is-content-justification-left is-layout-constrained wp-container-core-column-is-layout-fb7ccc97 wp-block-column-is-layout-constrained\" style=\"border-style:none;border-width:0px;border-radius:10px;color:#003a5d;padding-top:var(--wp--preset--spacing--40);padding-right:var(--wp--preset--spacing--40);padding-bottom:var(--wp--preset--spacing--40);padding-left:var(--wp--preset--spacing--40);box-shadow:var(--wp--preset--shadow--deep)\">\n<div class=\"wp-block-columns are-vertically-aligned-center is-not-stacked-on-mobile is-layout-flex wp-container-core-columns-is-layout-81213e5a wp-block-columns-is-layout-flex\" style=\"margin-top:0;margin-bottom:0\">\n<div class=\"wp-block-column is-vertically-aligned-center is-layout-flow wp-block-column-is-layout-flow\" style=\"flex-basis:70%\">\n<h3 class=\"wp-block-heading has-x-large-font-size\" id=\"h-bolsa-de-15kg\" style=\"margin-bottom:var(--wp--preset--spacing--20)\">BOLSA DE 15KG<\/h3>\n\n\n\n<p class=\"has-text-align-left has-medium-font-size\">Pensada para quienes no se permiten quedar sin hielo. Perfecta para negocios, parrilladas grandes o eventos sociales, ofreciendo un rendimiento superior y la confianza de un producto rigurosamente purificado.<\/p>\n<\/div>\n<\/div>\n\n\n\n<div class=\"wp-block-buttons is-content-justification-center is-layout-flex wp-container-core-buttons-is-layout-d2a3880e wp-block-buttons-is-layout-flex\" style=\"margin-top:var(--wp--preset--spacing--30)\">\n<div class=\"wp-block-button has-custom-width wp-block-button__width-100 is-style-fill\"><a class=\"wp-block-button__link wp-element-button\" href=\"https:\/\/wa.me\/523321844933?text=Hola%2C%20me%20interesa%20la%20bolsa%20de%2015kg.\" style=\"letter-spacing:0.08px;line-height:1.2\">pide una o m\u00e1s<\/a><\/div>\n<\/div>\n<\/div>\n<\/div>\n\n\n\n<h2 class=\"wp-block-heading alignwide has-text-align-left has-base-color has-text-color has-link-color wp-elements-09b983a7a52322ca62f61f96b254543b\" id=\"h-sin-complicaciones\" style=\"font-size:clamp(1.453rem, 1.453rem + ((1vw - 0.2rem) * 1.485), 2.4rem);\">SIN COMPLICACIONES<\/h2>\n<\/div>\n<\/div>\n\n\n\n<div class=\"wp-block-group alignfull has-base-background-color has-background has-global-padding is-layout-constrained wp-container-core-group-is-layout-72190d31 wp-block-group-is-layout-constrained\" id=\"nosotros\" style=\"margin-top:0;margin-bottom:0;padding-top:0;padding-right:0;padding-bottom:0;padding-left:0;box-shadow:var(--wp--preset--shadow--natural)\">\n<div class=\"wp-block-columns alignwide is-layout-flex wp-container-core-columns-is-layout-9277ebbd wp-block-columns-is-layout-flex\" style=\"padding-top:0;padding-right:0;padding-bottom:0;padding-left:0\">\n<div class=\"wp-block-column is-vertically-aligned-center has-x-large-font-size has-global-padding is-layout-constrained wp-container-core-column-is-layout-28062411 wp-block-column-is-layout-constrained\" style=\"padding-top:0;padding-right:var(--wp--preset--spacing--50);padding-bottom:0;padding-left:var(--wp--preset--spacing--50);flex-basis:50%\">\n<div class=\"wp-block-group alignwide has-global-padding is-layout-constrained wp-container-core-group-is-layout-7db9d80f wp-block-group-is-layout-constrained\" style=\"padding-right:0;padding-left:0\">\n<div style=\"height:44px\" aria-hidden=\"true\" class=\"wp-block-spacer\"><\/div>\n\n\n\n<h2 class=\"wp-block-heading alignwide is-style-text-display has-accent-2-color has-text-color has-link-color has-xx-large-font-size wp-elements-5e696b3bf8391d530ac43444455aad57 is-style-text-display--1\" id=\"h-klarito-hielo\">KLARITO HIELO<\/h2>\n\n\n\n<p class=\"is-style-default has-large-font-size\">En <strong>Klarito HIELO<\/strong>, entendemos que el hielo es el ingrediente final de tus mejores momentos. No solo enfriamos bebidas; preservamos su sabor.<\/p>\n\n\n\n<p class=\"is-style-default has-large-font-size\">Ofrecemos un producto de <strong>alta densidad y m\u00e1xima transparencia<\/strong> en Guadalajara. Nuestro hielo de doble purificaci\u00f3n est\u00e1 dise\u00f1ado para durar m\u00e1s en tu vaso, siendo la opci\u00f3n ideal para quienes buscan calidad premium. <strong>Haz tu pedido y tenlo listo para recolectar en minutos.<\/strong><\/p>\n\n\n\n<div style=\"height:26px\" aria-hidden=\"true\" class=\"wp-block-spacer\"><\/div>\n<\/div>\n<\/div>\n\n\n\n<div class=\"wp-block-column is-vertically-aligned-center is-layout-flow wp-block-column-is-layout-flow\" style=\"border-top-left-radius:0px;border-top-right-radius:0px;border-bottom-left-radius:0px;border-bottom-right-radius:0px;flex-basis:50%\">\n<figure class=\"wp-block-image aligncenter size-full is-resized has-custom-border is-style-default\" style=\"margin-right:0;margin-left:0\"><img loading=\"lazy\" decoding=\"async\" width=\"433\" height=\"963\" src=\"https:\/\/klaritohielo.com\/wp-content\/uploads\/2026\/02\/HIELO.Hero-en-Tarima.jpg\" alt=\"\" class=\"wp-image-164\" style=\"border-style:none;border-width:0px;border-top-left-radius:0px;border-top-right-radius:0px;border-bottom-left-radius:0px;border-bottom-right-radius:0px;aspect-ratio:1;object-fit:cover;width:487px;height:auto\" srcset=\"https:\/\/klaritohielo.com\/wp-content\/uploads\/2026\/02\/HIELO.Hero-en-Tarima.jpg 433w, https:\/\/klaritohielo.com\/wp-content\/uploads\/2026\/02\/HIELO.Hero-en-Tarima-135x300.jpg 135w\" sizes=\"auto, (max-width: 433px) 100vw, 433px\" \/><\/figure>\n<\/div>\n<\/div>\n<\/div>\n\n\n\n<div class=\"wp-block-group alignfull has-global-padding is-layout-constrained wp-block-group-is-layout-constrained\" style=\"margin-top:0;margin-bottom:0;padding-top:var(--wp--preset--spacing--50);padding-bottom:var(--wp--preset--spacing--50)\">\n<div style=\"height:44px\" aria-hidden=\"true\" id=\"contacto\" class=\"wp-block-spacer\"><\/div>\n\n\n\n<div class=\"wp-block-columns alignwide are-vertically-aligned-center is-layout-flex wp-container-core-columns-is-layout-e5a65cde wp-block-columns-is-layout-flex\">\n<div class=\"wp-block-column is-vertically-aligned-center has-global-padding is-content-justification-left is-layout-constrained wp-container-core-column-is-layout-2cda3537 wp-block-column-is-layout-constrained\" style=\"padding-top:0;padding-right:0;padding-bottom:0;padding-left:0\">\n<div class=\"wp-block-group alignwide has-global-padding is-layout-constrained wp-block-group-is-layout-constrained\">\n<h2 class=\"wp-block-heading alignwide has-xx-large-font-size\" id=\"h-necesitas-hielo-ahora-mismo\">\u00bfNECESITAS HIELO AHORA MISMO?<\/h2>\n\n\n\n<h3 class=\"wp-block-heading has-accent-1-color has-text-color has-link-color has-x-large-font-size wp-elements-732c4674122b4696e4472016d0a113e9\" id=\"h-estamos-a-un-mensaje-de-distancia\">ESTAMOS A UN MENSAJE DE DISTANCIA<\/h3>\n\n\n\n<p class=\"has-accent-4-color has-text-color has-link-color has-large-font-size wp-elements-6b352488b1cd01e9c878263569281ef6\" style=\"font-style:normal;font-weight:900\">\u00a1S\u00d3LO PIDE Y RECOGE!<\/p>\n<\/div>\n<\/div>\n\n\n\n<div class=\"wp-block-column is-vertically-aligned-center is-layout-flow wp-block-column-is-layout-flow\" style=\"padding-right:0;padding-left:0;flex-basis:40%\">\n<p class=\"has-text-align-left\">Ya sea para tu reuni\u00f3n de fin de semana, tu restaurante, tienda o un evento especial, en <strong>Klarito Hielo<\/strong> estamos listos para surtirte.<\/p>\n\n\n\n<div style=\"height:8px\" aria-hidden=\"true\" class=\"wp-block-spacer\"><\/div>\n\n\n\n<div class=\"wp-block-buttons is-vertical is-content-justification-left is-layout-flex wp-container-core-buttons-is-layout-810fbbe0 wp-block-buttons-is-layout-flex\">\n<div class=\"wp-block-button\"><a class=\"wp-block-button__link has-accent-2-background-color has-background wp-element-button\" href=\"https:\/\/wa.me\/523321844933?text=Hola%20Klarito%2C%20me%20interesa%20comprar%20hielo.%20%C2%BFMe%20podr%C3%ADan%20dar%20m%C3%A1s%20informaci%C3%B3n%3F\">\u00a1PIDE POR WHATSAPP!<\/a><\/div>\n\n\n\n<div class=\"wp-block-button\"><a class=\"wp-block-button__link has-accent-1-background-color has-background wp-element-button\" href=\"tel:+523321844933\">\u00a1O LL\u00c1MANOS!<\/a><\/div>\n<\/div>\n\n\n\n<div style=\"height:8px\" aria-hidden=\"true\" class=\"wp-block-spacer\"><\/div>\n\n\n\n<p class=\"has-text-align-left\" style=\"font-style:normal;font-weight:700\">\u00a1Atendemos tus pedidos personalmente!<\/p>\n<\/div>\n<\/div>\n<\/div>\n","protected":false},"excerpt":{"rendered":"<p>EL HIELO QUE NECESITAS BOLSA DE 5KG La opci\u00f3n ideal para enfriar tus momentos en casa o reuniones peque\u00f1as. Hielo de alta densidad y m\u00e1xima pureza que dura m\u00e1s en tu vaso y respeta el sabor original de tus bebidas sin dejar residuos. BOLSA DE 15KG Pensada para quienes no se permiten quedar sin hielo. [&hellip;]<\/p>\n","protected":false},"author":1,"featured_media":0,"parent":0,"menu_order":0,"comment_status":"closed","ping_status":"open","template":"","meta":{"footnotes":""},"class_list":["post-2","page","type-page","status-publish","hentry"],"yoast_head":"<!-- This site is optimized with the Yoast SEO Premium plugin v27.1 (Yoast SEO v27.3) - https:\/\/yoast.com\/product\/yoast-seo-premium-wordpress\/ -->\n<title>Klarito HIELO | Venta de Hielo Purificado en Guadalajara<\/title>\n<meta name=\"description\" content=\"Hielo de alta densidad y m\u00e1xima pureza en Guadalajara. Bolsas de 5kg y 15kg que puedes recoger el mismo d\u00eda. \u00a1Hielo cristalino que no agua tus bebidas! Pide aqu\u00ed.\" \/>\n<meta name=\"robots\" content=\"index, follow, max-snippet:-1, max-image-preview:large, max-video-preview:-1\" \/>\n<link rel=\"canonical\" href=\"https:\/\/klaritohielo.com\/\" \/>\n<meta property=\"og:locale\" content=\"es_ES\" \/>\n<meta property=\"og:type\" content=\"article\" \/>\n<meta property=\"og:title\" content=\"\u00bfTe quedaste sin hielo? | Klarito HIELO GDL\" \/>\n<meta property=\"og:description\" content=\"\u00bfBuscas hielo de calidad en Guadalajara? \ud83e\uddca En Klarito Hielo tenemos bolsas de 5kg y 15kg de alta densidad y m\u00e1xima pureza. Haz tu pedido por WhatsApp y te enviamos nuestra ubicaci\u00f3n para recolecci\u00f3n inmediata. \u00a1Hielo cristalino que dura m\u00e1s! \u2744\ufe0f\" \/>\n<meta property=\"og:url\" content=\"https:\/\/klaritohielo.com\/\" \/>\n<meta property=\"og:site_name\" content=\"Klarito HIELO\" \/>\n<meta property=\"article:modified_time\" content=\"2026-03-20T07:57:27+00:00\" \/>\n<meta property=\"og:image\" content=\"https:\/\/klaritohielo.com\/wp-content\/uploads\/2026\/02\/PERFIL.2026.02.06.Fondo-Azul-y-Patron.png\" \/>\n\t<meta property=\"og:image:width\" content=\"1080\" \/>\n\t<meta property=\"og:image:height\" content=\"1080\" \/>\n\t<meta property=\"og:image:type\" content=\"image\/png\" \/>\n<meta name=\"twitter:card\" content=\"summary_large_image\" \/>\n<meta name=\"twitter:title\" content=\"Klarito HIELO\" \/>\n<meta name=\"twitter:label1\" content=\"Tiempo de lectura\" \/>\n\t<meta name=\"twitter:data1\" content=\"2 minutos\" \/>\n<script type=\"application\/ld+json\" class=\"yoast-schema-graph\">{\"@context\":\"https:\\\/\\\/schema.org\",\"@graph\":[{\"@type\":\"WebPage\",\"@id\":\"https:\\\/\\\/klaritohielo.com\\\/\",\"url\":\"https:\\\/\\\/klaritohielo.com\\\/\",\"name\":\"Klarito HIELO | Venta de Hielo Purificado en Guadalajara\",\"isPartOf\":{\"@id\":\"https:\\\/\\\/klaritohielo.com\\\/#website\"},\"primaryImageOfPage\":{\"@id\":\"https:\\\/\\\/klaritohielo.com\\\/#primaryimage\"},\"image\":{\"@id\":\"https:\\\/\\\/klaritohielo.com\\\/#primaryimage\"},\"thumbnailUrl\":\"https:\\\/\\\/klaritohielo.com\\\/wp-content\\\/uploads\\\/2026\\\/02\\\/HIELO.Hero-en-Tarima.jpg\",\"datePublished\":\"2026-02-12T20:23:43+00:00\",\"dateModified\":\"2026-03-20T07:57:27+00:00\",\"description\":\"Hielo de alta densidad y m\u00e1xima pureza en Guadalajara. Bolsas de 5kg y 15kg que puedes recoger el mismo d\u00eda. \u00a1Hielo cristalino que no agua tus bebidas! Pide aqu\u00ed.\",\"breadcrumb\":{\"@id\":\"https:\\\/\\\/klaritohielo.com\\\/#breadcrumb\"},\"inLanguage\":\"es\",\"potentialAction\":[{\"@type\":\"ReadAction\",\"target\":[\"https:\\\/\\\/klaritohielo.com\\\/\"]}]},{\"@type\":\"ImageObject\",\"inLanguage\":\"es\",\"@id\":\"https:\\\/\\\/klaritohielo.com\\\/#primaryimage\",\"url\":\"https:\\\/\\\/klaritohielo.com\\\/wp-content\\\/uploads\\\/2026\\\/02\\\/HIELO.Hero-en-Tarima.jpg\",\"contentUrl\":\"https:\\\/\\\/klaritohielo.com\\\/wp-content\\\/uploads\\\/2026\\\/02\\\/HIELO.Hero-en-Tarima.jpg\",\"width\":433,\"height\":963},{\"@type\":\"BreadcrumbList\",\"@id\":\"https:\\\/\\\/klaritohielo.com\\\/#breadcrumb\",\"itemListElement\":[{\"@type\":\"ListItem\",\"position\":1,\"name\":\"Portada\",\"item\":\"https:\\\/\\\/klaritohielo.com\\\/\"},{\"@type\":\"ListItem\",\"position\":2,\"name\":\"Klarito HIELO\"}]},{\"@type\":\"WebSite\",\"@id\":\"https:\\\/\\\/klaritohielo.com\\\/#website\",\"url\":\"https:\\\/\\\/klaritohielo.com\\\/\",\"name\":\"Klarito HIELO\",\"description\":\"\",\"publisher\":{\"@id\":\"https:\\\/\\\/klaritohielo.com\\\/#organization\"},\"potentialAction\":[{\"@type\":\"SearchAction\",\"target\":{\"@type\":\"EntryPoint\",\"urlTemplate\":\"https:\\\/\\\/klaritohielo.com\\\/?s={search_term_string}\"},\"query-input\":{\"@type\":\"PropertyValueSpecification\",\"valueRequired\":true,\"valueName\":\"search_term_string\"}}],\"inLanguage\":\"es\"},{\"@type\":\"Organization\",\"@id\":\"https:\\\/\\\/klaritohielo.com\\\/#organization\",\"name\":\"Klarito HIELO\",\"url\":\"https:\\\/\\\/klaritohielo.com\\\/\",\"logo\":{\"@type\":\"ImageObject\",\"inLanguage\":\"es\",\"@id\":\"https:\\\/\\\/klaritohielo.com\\\/#\\\/schema\\\/logo\\\/image\\\/\",\"url\":\"https:\\\/\\\/klaritohielo.com\\\/wp-content\\\/uploads\\\/2026\\\/02\\\/LOGO.2026.02.08.Klarito-HIELO.CRISTAL.02-scaled.png\",\"contentUrl\":\"https:\\\/\\\/klaritohielo.com\\\/wp-content\\\/uploads\\\/2026\\\/02\\\/LOGO.2026.02.08.Klarito-HIELO.CRISTAL.02-scaled.png\",\"width\":2560,\"height\":1051,\"caption\":\"Klarito HIELO\"},\"image\":{\"@id\":\"https:\\\/\\\/klaritohielo.com\\\/#\\\/schema\\\/logo\\\/image\\\/\"}}]}<\/script>\n<!-- \/ Yoast SEO Premium plugin. -->","yoast_head_json":{"title":"Klarito HIELO | Venta de Hielo Purificado en Guadalajara","description":"Hielo de alta densidad y m\u00e1xima pureza en Guadalajara. Bolsas de 5kg y 15kg que puedes recoger el mismo d\u00eda. \u00a1Hielo cristalino que no agua tus bebidas! Pide aqu\u00ed.","robots":{"index":"index","follow":"follow","max-snippet":"max-snippet:-1","max-image-preview":"max-image-preview:large","max-video-preview":"max-video-preview:-1"},"canonical":"https:\/\/klaritohielo.com\/","og_locale":"es_ES","og_type":"article","og_title":"\u00bfTe quedaste sin hielo? | Klarito HIELO GDL","og_description":"\u00bfBuscas hielo de calidad en Guadalajara? \ud83e\uddca En Klarito Hielo tenemos bolsas de 5kg y 15kg de alta densidad y m\u00e1xima pureza. Haz tu pedido por WhatsApp y te enviamos nuestra ubicaci\u00f3n para recolecci\u00f3n inmediata. \u00a1Hielo cristalino que dura m\u00e1s! \u2744\ufe0f","og_url":"https:\/\/klaritohielo.com\/","og_site_name":"Klarito HIELO","article_modified_time":"2026-03-20T07:57:27+00:00","og_image":[{"width":1080,"height":1080,"url":"https:\/\/klaritohielo.com\/wp-content\/uploads\/2026\/02\/PERFIL.2026.02.06.Fondo-Azul-y-Patron.png","type":"image\/png"}],"twitter_card":"summary_large_image","twitter_title":"Klarito HIELO","twitter_misc":{"Tiempo de lectura":"2 minutos"},"schema":{"@context":"https:\/\/schema.org","@graph":[{"@type":"WebPage","@id":"https:\/\/klaritohielo.com\/","url":"https:\/\/klaritohielo.com\/","name":"Klarito HIELO | Venta de Hielo Purificado en Guadalajara","isPartOf":{"@id":"https:\/\/klaritohielo.com\/#website"},"primaryImageOfPage":{"@id":"https:\/\/klaritohielo.com\/#primaryimage"},"image":{"@id":"https:\/\/klaritohielo.com\/#primaryimage"},"thumbnailUrl":"https:\/\/klaritohielo.com\/wp-content\/uploads\/2026\/02\/HIELO.Hero-en-Tarima.jpg","datePublished":"2026-02-12T20:23:43+00:00","dateModified":"2026-03-20T07:57:27+00:00","description":"Hielo de alta densidad y m\u00e1xima pureza en Guadalajara. Bolsas de 5kg y 15kg que puedes recoger el mismo d\u00eda. \u00a1Hielo cristalino que no agua tus bebidas! Pide aqu\u00ed.","breadcrumb":{"@id":"https:\/\/klaritohielo.com\/#breadcrumb"},"inLanguage":"es","potentialAction":[{"@type":"ReadAction","target":["https:\/\/klaritohielo.com\/"]}]},{"@type":"ImageObject","inLanguage":"es","@id":"https:\/\/klaritohielo.com\/#primaryimage","url":"https:\/\/klaritohielo.com\/wp-content\/uploads\/2026\/02\/HIELO.Hero-en-Tarima.jpg","contentUrl":"https:\/\/klaritohielo.com\/wp-content\/uploads\/2026\/02\/HIELO.Hero-en-Tarima.jpg","width":433,"height":963},{"@type":"BreadcrumbList","@id":"https:\/\/klaritohielo.com\/#breadcrumb","itemListElement":[{"@type":"ListItem","position":1,"name":"Portada","item":"https:\/\/klaritohielo.com\/"},{"@type":"ListItem","position":2,"name":"Klarito HIELO"}]},{"@type":"WebSite","@id":"https:\/\/klaritohielo.com\/#website","url":"https:\/\/klaritohielo.com\/","name":"Klarito HIELO","description":"","publisher":{"@id":"https:\/\/klaritohielo.com\/#organization"},"potentialAction":[{"@type":"SearchAction","target":{"@type":"EntryPoint","urlTemplate":"https:\/\/klaritohielo.com\/?s={search_term_string}"},"query-input":{"@type":"PropertyValueSpecification","valueRequired":true,"valueName":"search_term_string"}}],"inLanguage":"es"},{"@type":"Organization","@id":"https:\/\/klaritohielo.com\/#organization","name":"Klarito HIELO","url":"https:\/\/klaritohielo.com\/","logo":{"@type":"ImageObject","inLanguage":"es","@id":"https:\/\/klaritohielo.com\/#\/schema\/logo\/image\/","url":"https:\/\/klaritohielo.com\/wp-content\/uploads\/2026\/02\/LOGO.2026.02.08.Klarito-HIELO.CRISTAL.02-scaled.png","contentUrl":"https:\/\/klaritohielo.com\/wp-content\/uploads\/2026\/02\/LOGO.2026.02.08.Klarito-HIELO.CRISTAL.02-scaled.png","width":2560,"height":1051,"caption":"Klarito HIELO"},"image":{"@id":"https:\/\/klaritohielo.com\/#\/schema\/logo\/image\/"}}]}},"_links":{"self":[{"href":"https:\/\/klaritohielo.com\/index.php?rest_route=\/wp\/v2\/pages\/2","targetHints":{"allow":["GET"]}}],"collection":[{"href":"https:\/\/klaritohielo.com\/index.php?rest_route=\/wp\/v2\/pages"}],"about":[{"href":"https:\/\/klaritohielo.com\/index.php?rest_route=\/wp\/v2\/types\/page"}],"author":[{"embeddable":true,"href":"https:\/\/klaritohielo.com\/index.php?rest_route=\/wp\/v2\/users\/1"}],"replies":[{"embeddable":true,"href":"https:\/\/klaritohielo.com\/index.php?rest_route=%2Fwp%2Fv2%2Fcomments&post=2"}],"version-history":[{"count":154,"href":"https:\/\/klaritohielo.com\/index.php?rest_route=\/wp\/v2\/pages\/2\/revisions"}],"predecessor-version":[{"id":452,"href":"https:\/\/klaritohielo.com\/index.php?rest_route=\/wp\/v2\/pages\/2\/revisions\/452"}],"wp:attachment":[{"href":"https:\/\/klaritohielo.com\/index.php?rest_route=%2Fwp%2Fv2%2Fmedia&parent=2"}],"curies":[{"name":"wp","href":"https:\/\/api.w.org\/{rel}","templated":true}]}}